the greatest common divisor of 139144 and 480.
8
Calculate the greatest common divisor of 214020 and 82.
82
Calculate the greatest common factor of 12586 and 24360.
406
Calculate the highest common divisor of 354 and 20922.
6
Calculate the greatest common divisor of 61 and 331.
1
What is the highest common divisor of 15008 and 3616?
32
What is the greatest common factor of 1030 and 3456165?
515
Calculate the greatest common divisor of 9688 and 865.
173
What is the highest common divisor of 3244061 and 142?
71
What is the highest common divisor of 6 and 3832?
2
Calculate the greatest common divisor of 21156 and 861.
123
What is the highest common factor of 504 and 531972?
252
What is the greatest common divisor of 11951 and 37259?
703
Calculate the highest common divisor of 285 and 26049.
57
Calculate the greatest common divisor of 45907 and 29.
29
Calculate the greatest common divisor of 17900 and 408836.
716
Calculate the highest common divisor of 30 and 1542.
6
Calculate the highest common divisor of 810099 and 9.
9
What is the greatest common factor of 2634 and 18?
6
Calculate the highest common factor of 2783 and 207.
23
What is the greatest common factor of 563808 and 31584?
672
Calculate the greatest common factor of 2546 and 102334.
38
What is the highest common factor of 690 and 8651910?
690
What is the greatest common factor of 1872 and 234624?
624
What is the greatest common divisor of 20734 and 224?
14
Calculate the greatest common divisor of 11907 and 8064.
63
What is the greatest common factor of 3255061 and 38?
19
What is the highest common factor of 142 and 1787922?
142
What is the highest common divisor of 750 and 104970?
30
What is the highest common divisor of 2997 and 1468197?
333
What is the greatest common factor of 262824 and 1880?
376
What is the highest common divisor of 26588 and 49130?
578
Calculate the highest common divisor of 16 and 27264.
16
What is the greatest common divisor of 79576 and 112?
56
What is the highest common divisor of 158013 and 8688?
543
What is the greatest common factor of 1451256 and 24?
24
Calculate the highest common factor of 513132 and 96.
12
What is the greatest common factor of 655448 and 8?
8
What is the greatest common factor of 23414 and 575?
23
What is the greatest common divisor of 15343 and 11908?
229
Calculate the greatest common factor of 214683 and 21.
21
Calculate the highest common factor of 7808 and 1408.
128
Calculate the highest common divisor of 9159 and 2967.
129
What is the greatest common factor of 2450980 and 287?
287
Calculate the greatest common factor of 1742 and 8308.
134
What is the greatest common factor of 3195 and 270?
45
Calculate the highest common factor of 326270 and 35.
35
What is the greatest common divisor of 1296 and 66528?
432
Calculate the highest common divisor of 2332 and 716.
4
What is the highest common divisor of 152933 and 11?
11
What is the greatest common divisor of 476 and 54859?
119
What is the highest common divisor of 32864 and 180544?
416
What is the greatest common divisor of 5429 and 2257?
61
What is the highest common factor of 3210 and 2805?
15
Calculate the highest common divisor of 2120 and 78705.
265
Calculate the highest common factor of 249 and 15452193.
249
Calculate the highest common divisor of 851 and 37592.
37
What is the highest common factor of 584 and 64678?
146
What is the highest common divisor of 16 and 712696?
8
What is the greatest common divisor of 228 and 1976?
76
What is the greatest common factor of 455775 and 1236?
309
Calculate the highest common divisor of 144 and 16182.
18
Calculate the greatest common factor of 11 and 610104.
11
Calculate the greatest common factor of 24499 and 7.
1
Calculate the highest common divisor of 11197240 and 628.
628
What is the greatest common divisor of 1367100 and 147?
147
Calculate the highest common divisor of 214610 and 66.
22
What is the greatest common factor of 10 and 332890?
10
Calculate the greatest common factor of 786 and 4182568.
262
What is the highest common divisor of 424 and 1912?
8
What is the greatest common factor of 1067 and 5885?
11
What is the highest common divisor of 156159 and 27?
9
Calculate the greatest common factor of 288 and 77160.
24
Calculate the highest common factor of 12942 and 4.
2
What is the highest common divisor of 47101 and 11951?
703
What is the greatest common factor of 879098 and 682?
682
What is the highest common factor of 14609 and 7?
7
Calculate the highest common factor of 46217 and 113.
113
What is the highest common divisor of 190 and 98680?
10
Calculate the highest common factor of 926744 and 13.
13
Calculate the greatest common factor of 1671525 and 170.
85
Calculate the greatest common divisor of 3135 and 10545.
285
Calculate the highest common factor of 89 and 223.
1
What is the highest common divisor of 502424 and 208?
104
Calculate the highest common factor of 664 and 14272.
8
Calculate the highest common divisor of 292981 and 2821.
403
What is the greatest common divisor of 54756 and 8?
4
What is the greatest common factor of 8832 and 193476?
276
Calculate the greatest common factor of 1757 and 1694.
7
Calculate the highest common factor of 40 and 334456.
8
What is the greatest common divisor of 86160 and 2780?
20
What is the greatest common factor of 10736 and 256?
16
Calculate the greatest common divisor of 5336610 and 15.
15
What is the greatest common factor of 35956 and 356?
356
Calculate the greatest common factor of 42849 and 324.
81
What is the greatest common divisor of 8 and 554312?
8
Calculate the highest common divisor of 89 and 228730.
89
Calculate the highest common divisor of 7268 and 474.
158
What is the greatest common factor of 4565 and 122010?
415
What is the greatest common divisor of 35 and 1855?
35
What is the greatest common factor of 32 and 30736?
16
Calculate the highest common factor of 1022723 and 1057.
151
Calculate the greatest common divisor of 73149 and 555.
111
Calculate the greatest common factor of 1863 and 2323.
23
Calculate the highest common factor of 46101 and 726.
363
Calculate the highest common factor of 350 and 32120.
10
Calculate the highest common factor of 41 and 85854.
41
What is the greatest common factor of 776 and 328?
8
What is the highest common divisor of 32232 and 2346?
102
Calculate the greatest common factor of 1395560 and 695.
695
Calculate the highest common divisor of 62 and 2199450.
62
What is the highest common divisor of 324 and 123417?
27
Calculate the greatest common factor of 3 and 121461.
3
What is the greatest common factor of 182 and 228?
2
What is the highest common divisor of 15645 and 105?
105
What is the highest common factor of 812540 and 20?
20
Calculate the highest common divisor of 841586 and 38.
38
What is the highest common divisor of 530791 and 17?
17
What is the highest common divisor of 15 and 885?
15
What is the highest common factor of 31284 and 572?
44
What is the greatest common factor of 2557040 and 560?
80
What is the greatest common factor of 520 and 44720?
520
Calculate the highest common divisor of 297 and 1593.
27
What is the greatest common factor of 485 and 13645?
5
What is the highest common factor of 970 and 353565?
485
Calculate the highest common divisor of 248 and 253766.
62
Calculate the highest common divisor of 333689 and 226.
113
What is the highest common divisor of 5447 and 65?
13
Calculate the highest common factor of 49 and 24451.
49
Calculate the highest common divisor of 5376 and 357.
21
What is the highest common divisor of 64 and 84416?
64
What is the greatest common divisor of 546 and 133?
7
Calculate the highest common factor of 100232 and 16643.
187
What is the greatest common divisor of 21 and 3669981?
21
Calculate the greatest common divisor of 9072 and 1116.
36
What is the highest common factor of 20127 and 3?
3
Calculate the highest common divisor of 1248 and 234.
78
Calculate the greatest common factor of 11803 and 181337.
1073
What is the greatest common divisor of 234 and 1628406?
234
Calculate the highest common factor of 66 and 32494.
22
Calculate the highest common factor of 1287 and 936.
117
Calculate the highest common factor of 234390 and 30.
30
Calculate the highest common factor of 1562 and 11